{"id":210,"date":"2021-07-01T15:50:24","date_gmt":"2021-07-01T13:50:24","guid":{"rendered":"http:\/\/integration-reflexes.fr\/?page_id=210"},"modified":"2025-05-07T15:16:10","modified_gmt":"2025-05-07T13:16:10","slug":"lintegration-des-reflexes","status":"publish","type":"page","link":"https:\/\/integration-reflexes.fr\/?page_id=210","title":{"rendered":"L&rsquo;int\u00e9gration des r\u00e9flexes archa\u00efques &#8211; premi\u00e8re chance"},"content":{"rendered":"\n<div id=\"wp-block-themeisle-blocks-advanced-columns-4c266933\" class=\"wp-block-themeisle-blocks-advanced-columns has-1-columns has-desktop-equal-layout has-tablet-equal-layout has-mobile-equal-layout has-vertical-unset has-default-gap\"><div class=\"wp-block-themeisle-blocks-advanced-columns-overlay\"><\/div><div class=\"innerblocks-wrap\">\n<div id=\"wp-block-themeisle-blocks-advanced-column-f77646c1\" class=\"wp-block-themeisle-blocks-advanced-column\">\n<h2 class=\"wp-block-heading has-header-gradient-color has-text-color\">Qu&rsquo;est-ce que c&rsquo;est ?<\/h2>\n\n\n\n<p class=\"has-drop-cap\">Chez le b\u00e9b\u00e9, une fois les chemins trac\u00e9s par la <strong>r\u00e9p\u00e9tition <\/strong>des mouvements r\u00e9flexes, la place est donn\u00e9e peu \u00e0 peu aux <strong>mouvements volontaires et contr\u00f4l\u00e9s<\/strong>. Les r\u00e9flexes ne disparaissent pas, ils sont \u00ab\u00a0<strong>rang\u00e9s au placard<\/strong>\u00ab\u00a0, pr\u00eats \u00e0 jouer leur r\u00f4le en cas de danger ou de survie.<\/p>\n\n\n\n<p>C&rsquo;est ce qu&rsquo;on appelle <strong>la phase d&rsquo;int\u00e9gration<\/strong>. Elle appara\u00eet, la plupart du temps, dans la premi\u00e8re ann\u00e9e de vie du b\u00e9b\u00e9.  <\/p>\n<\/div>\n<\/div><\/div>\n\n\n\n<h2 class=\"wp-block-heading has-header-gradient-color has-text-color\">Que se passe-t-il si l&rsquo;int\u00e9gration s&rsquo;est faite sans heurts ?<\/h2>\n\n\n\n<p class=\"has-drop-cap\">Quand les r\u00e9flexes d&rsquo;un enfant se sont naturellement activ\u00e9s, puis int\u00e9gr\u00e9s, il pourra <strong>d\u00e9velopper sa curiosit\u00e9<\/strong>, par ses sens, sa motricit\u00e9, ses \u00e9motions, sa communication. En effet, les r\u00e9flexes resteront dans le tronc c\u00e9r\u00e9bral, pr\u00eats \u00e0 ressortir. <br>Ainsi, un adulte ayant un r\u00e9flexe d&rsquo;agrippement bien int\u00e9gr\u00e9 n&rsquo;aura aucune difficult\u00e9 quotidienne mais pourra compter sur son r\u00e9flexe le jour o\u00f9, escaladant une paroi, il manquera de tomber. En effet, le cerveau en danger rendra imm\u00e9diatement le r\u00e9flexe actif pour que l&rsquo;alpiniste s&rsquo;accroche et ne tombe pas.<\/p>\n\n\n\n<h2 class=\"wp-block-heading has-header-gradient-color has-text-color\">Et si des r\u00e9flexes ne se sont pas bien int\u00e9gr\u00e9s ?<\/h2>\n\n\n\n<p class=\"has-drop-cap\">Si des r\u00e9flexes restent actifs, ils risquent de compliquer la vie de l&rsquo;enfant, puis de l&rsquo;adulte. Ces r\u00e9flexes prennent ainsi une forme diff\u00e9rente mais la personne doit mettre en place des compensations. La plupart de ces compensations sont suffisantes et permettent un \u00e9quilibre au quotidien. Mais parfois, elles ne suffisent pas, ou s&rsquo;alt\u00e8rent \u00e0 cause d&rsquo;un choc physique ou \u00e9motionnel. Dans ce cas, des gestes parasites, des tensions musculaires, et bien d&rsquo;autres difficult\u00e9s peuvent survenir.<\/p>\n\n\n\n<div class=\"wp-block-buttons is-layout-flex wp-block-buttons-is-layout-flex\">\n<div class=\"wp-block-button has-custom-width wp-block-button__width-100\"><a class=\"wp-block-button__link has-white-color has-accent-background-color has-text-color has-background wp-element-button\" href=\"http:\/\/integration-reflexes.fr\/?page_id=82\">Quelles difficult\u00e9s ?<\/a><\/div>\n<\/div>\n\n\n\n<p class=\"has-text-align-center\">Sophie CAPON<br>Praticienne en Int\u00e9gration des r\u00e9flexes archa\u00efques<br>La Maison des colibris &#8211; 77 ter rue Jean Mermoz &#8211; 44340 BOUGUENAIS<br>02 85 52 25 96<\/p>\n","protected":false},"excerpt":{"rendered":"<p>Que se passe-t-il si l&rsquo;int\u00e9gration s&rsquo;est faite sans heurts ? Quand les r\u00e9flexes d&rsquo;un enfant se sont naturellement activ\u00e9s, puis int\u00e9gr\u00e9s, il pourra d\u00e9velopper sa curiosit\u00e9, par ses sens, sa motricit\u00e9, ses \u00e9motions, sa communication. En effet, les r\u00e9flexes resteront dans le tronc c\u00e9r\u00e9bral, pr\u00eats \u00e0 ressortir. Ainsi, un adulte [&hellip;]<\/p>\n","protected":false},"author":1,"featured_media":0,"parent":0,"menu_order":0,"comment_status":"closed","ping_status":"closed","template":"","meta":{"_themeisle_gutenberg_block_has_review":false,"footnotes":""},"class_list":["post-210","page","type-page","status-publish","hentry"],"yoast_head":"<!-- This site is optimized with the Yoast SEO plugin v25.5 - https:\/\/yoast.com\/wordpress\/plugins\/seo\/ -->\n<title>L&#039;int\u00e9gration des r\u00e9flexes archa\u00efques - premi\u00e8re chance - L&#039;int\u00e9gration des r\u00e9flexes archa\u00efques<\/title>\n<meta name=\"robots\" content=\"index, follow, max-snippet:-1, max-image-preview:large, max-video-preview:-1\" \/>\n<link rel=\"canonical\" href=\"https:\/\/integration-reflexes.fr\/?page_id=210\" \/>\n<meta property=\"og:locale\" content=\"fr_FR\" \/>\n<meta property=\"og:type\" content=\"article\" \/>\n<meta property=\"og:title\" content=\"L&#039;int\u00e9gration des r\u00e9flexes archa\u00efques - premi\u00e8re chance - L&#039;int\u00e9gration des r\u00e9flexes archa\u00efques\" \/>\n<meta property=\"og:description\" content=\"Que se passe-t-il si l&rsquo;int\u00e9gration s&rsquo;est faite sans heurts ? Quand les r\u00e9flexes d&rsquo;un enfant se sont naturellement activ\u00e9s, puis int\u00e9gr\u00e9s, il pourra d\u00e9velopper sa curiosit\u00e9, par ses sens, sa motricit\u00e9, ses \u00e9motions, sa communication. En effet, les r\u00e9flexes resteront dans le tronc c\u00e9r\u00e9bral, pr\u00eats \u00e0 ressortir. Ainsi, un adulte [&hellip;]\" \/>\n<meta property=\"og:url\" content=\"https:\/\/integration-reflexes.fr\/?page_id=210\" \/>\n<meta property=\"og:site_name\" content=\"L&#039;int\u00e9gration des r\u00e9flexes archa\u00efques\" \/>\n<meta property=\"article:modified_time\" content=\"2025-05-07T13:16:10+00:00\" \/>\n<meta name=\"twitter:card\" content=\"summary_large_image\" \/>\n<meta name=\"twitter:label1\" content=\"Dur\u00e9e de lecture estim\u00e9e\" \/>\n\t<meta name=\"twitter:data1\" content=\"2 minutes\" \/>\n<script type=\"application\/ld+json\" class=\"yoast-schema-graph\">{\"@context\":\"https:\/\/schema.org\",\"@graph\":[{\"@type\":\"WebPage\",\"@id\":\"https:\/\/integration-reflexes.fr\/?page_id=210\",\"url\":\"https:\/\/integration-reflexes.fr\/?page_id=210\",\"name\":\"L'int\u00e9gration des r\u00e9flexes archa\u00efques - premi\u00e8re chance - L&#039;int\u00e9gration des r\u00e9flexes archa\u00efques\",\"isPartOf\":{\"@id\":\"https:\/\/integration-reflexes.fr\/#website\"},\"datePublished\":\"2021-07-01T13:50:24+00:00\",\"dateModified\":\"2025-05-07T13:16:10+00:00\",\"breadcrumb\":{\"@id\":\"https:\/\/integration-reflexes.fr\/?page_id=210#breadcrumb\"},\"inLanguage\":\"fr-FR\",\"potentialAction\":[{\"@type\":\"ReadAction\",\"target\":[\"https:\/\/integration-reflexes.fr\/?page_id=210\"]}]},{\"@type\":\"BreadcrumbList\",\"@id\":\"https:\/\/integration-reflexes.fr\/?page_id=210#breadcrumb\",\"itemListElement\":[{\"@type\":\"ListItem\",\"position\":1,\"name\":\"Accueil\",\"item\":\"https:\/\/integration-reflexes.fr\/\"},{\"@type\":\"ListItem\",\"position\":2,\"name\":\"L&rsquo;int\u00e9gration des r\u00e9flexes archa\u00efques &#8211; premi\u00e8re chance\"}]},{\"@type\":\"WebSite\",\"@id\":\"https:\/\/integration-reflexes.fr\/#website\",\"url\":\"https:\/\/integration-reflexes.fr\/\",\"name\":\"L&#039;int\u00e9gration des r\u00e9flexes archa\u00efques\",\"description\":\"Re-connecter corps et cerveau pour retrouver un \u00e9quilibre\",\"publisher\":{\"@id\":\"https:\/\/integration-reflexes.fr\/#organization\"},\"potentialAction\":[{\"@type\":\"SearchAction\",\"target\":{\"@type\":\"EntryPoint\",\"urlTemplate\":\"https:\/\/integration-reflexes.fr\/?s={search_term_string}\"},\"query-input\":{\"@type\":\"PropertyValueSpecification\",\"valueRequired\":true,\"valueName\":\"search_term_string\"}}],\"inLanguage\":\"fr-FR\"},{\"@type\":\"Organization\",\"@id\":\"https:\/\/integration-reflexes.fr\/#organization\",\"name\":\"L&#039;int\u00e9gration des r\u00e9flexes archa\u00efques\",\"url\":\"https:\/\/integration-reflexes.fr\/\",\"logo\":{\"@type\":\"ImageObject\",\"inLanguage\":\"fr-FR\",\"@id\":\"https:\/\/integration-reflexes.fr\/#\/schema\/logo\/image\/\",\"url\":\"https:\/\/mlrytvlytdru.i.optimole.com\/w:auto\/h:auto\/q:mauto\/ig:avif\/https:\/\/integration-reflexes.fr\/wp-content\/uploads\/2021\/07\/cropped-cropped-cropped-logo-IR-transparent.png\",\"contentUrl\":\"https:\/\/mlrytvlytdru.i.optimole.com\/w:auto\/h:auto\/q:mauto\/ig:avif\/https:\/\/integration-reflexes.fr\/wp-content\/uploads\/2021\/07\/cropped-cropped-cropped-logo-IR-transparent.png\",\"width\":1500,\"height\":1494,\"caption\":\"L&#039;int\u00e9gration des r\u00e9flexes archa\u00efques\"},\"image\":{\"@id\":\"https:\/\/integration-reflexes.fr\/#\/schema\/logo\/image\/\"}}]}<\/script>\n<!-- \/ Yoast SEO plugin. -->","yoast_head_json":{"title":"L'int\u00e9gration des r\u00e9flexes archa\u00efques - premi\u00e8re chance - L&#039;int\u00e9gration des r\u00e9flexes archa\u00efques","robots":{"index":"index","follow":"follow","max-snippet":"max-snippet:-1","max-image-preview":"max-image-preview:large","max-video-preview":"max-video-preview:-1"},"canonical":"https:\/\/integration-reflexes.fr\/?page_id=210","og_locale":"fr_FR","og_type":"article","og_title":"L'int\u00e9gration des r\u00e9flexes archa\u00efques - premi\u00e8re chance - L&#039;int\u00e9gration des r\u00e9flexes archa\u00efques","og_description":"Que se passe-t-il si l&rsquo;int\u00e9gration s&rsquo;est faite sans heurts ? Quand les r\u00e9flexes d&rsquo;un enfant se sont naturellement activ\u00e9s, puis int\u00e9gr\u00e9s, il pourra d\u00e9velopper sa curiosit\u00e9, par ses sens, sa motricit\u00e9, ses \u00e9motions, sa communication. En effet, les r\u00e9flexes resteront dans le tronc c\u00e9r\u00e9bral, pr\u00eats \u00e0 ressortir. Ainsi, un adulte [&hellip;]","og_url":"https:\/\/integration-reflexes.fr\/?page_id=210","og_site_name":"L&#039;int\u00e9gration des r\u00e9flexes archa\u00efques","article_modified_time":"2025-05-07T13:16:10+00:00","twitter_card":"summary_large_image","twitter_misc":{"Dur\u00e9e de lecture estim\u00e9e":"2 minutes"},"schema":{"@context":"https:\/\/schema.org","@graph":[{"@type":"WebPage","@id":"https:\/\/integration-reflexes.fr\/?page_id=210","url":"https:\/\/integration-reflexes.fr\/?page_id=210","name":"L'int\u00e9gration des r\u00e9flexes archa\u00efques - premi\u00e8re chance - L&#039;int\u00e9gration des r\u00e9flexes archa\u00efques","isPartOf":{"@id":"https:\/\/integration-reflexes.fr\/#website"},"datePublished":"2021-07-01T13:50:24+00:00","dateModified":"2025-05-07T13:16:10+00:00","breadcrumb":{"@id":"https:\/\/integration-reflexes.fr\/?page_id=210#breadcrumb"},"inLanguage":"fr-FR","potentialAction":[{"@type":"ReadAction","target":["https:\/\/integration-reflexes.fr\/?page_id=210"]}]},{"@type":"BreadcrumbList","@id":"https:\/\/integration-reflexes.fr\/?page_id=210#breadcrumb","itemListElement":[{"@type":"ListItem","position":1,"name":"Accueil","item":"https:\/\/integration-reflexes.fr\/"},{"@type":"ListItem","position":2,"name":"L&rsquo;int\u00e9gration des r\u00e9flexes archa\u00efques &#8211; premi\u00e8re chance"}]},{"@type":"WebSite","@id":"https:\/\/integration-reflexes.fr\/#website","url":"https:\/\/integration-reflexes.fr\/","name":"L&#039;int\u00e9gration des r\u00e9flexes archa\u00efques","description":"Re-connecter corps et cerveau pour retrouver un \u00e9quilibre","publisher":{"@id":"https:\/\/integration-reflexes.fr\/#organization"},"potentialAction":[{"@type":"SearchAction","target":{"@type":"EntryPoint","urlTemplate":"https:\/\/integration-reflexes.fr\/?s={search_term_string}"},"query-input":{"@type":"PropertyValueSpecification","valueRequired":true,"valueName":"search_term_string"}}],"inLanguage":"fr-FR"},{"@type":"Organization","@id":"https:\/\/integration-reflexes.fr\/#organization","name":"L&#039;int\u00e9gration des r\u00e9flexes archa\u00efques","url":"https:\/\/integration-reflexes.fr\/","logo":{"@type":"ImageObject","inLanguage":"fr-FR","@id":"https:\/\/integration-reflexes.fr\/#\/schema\/logo\/image\/","url":"https:\/\/mlrytvlytdru.i.optimole.com\/w:auto\/h:auto\/q:mauto\/ig:avif\/https:\/\/integration-reflexes.fr\/wp-content\/uploads\/2021\/07\/cropped-cropped-cropped-logo-IR-transparent.png","contentUrl":"https:\/\/mlrytvlytdru.i.optimole.com\/w:auto\/h:auto\/q:mauto\/ig:avif\/https:\/\/integration-reflexes.fr\/wp-content\/uploads\/2021\/07\/cropped-cropped-cropped-logo-IR-transparent.png","width":1500,"height":1494,"caption":"L&#039;int\u00e9gration des r\u00e9flexes archa\u00efques"},"image":{"@id":"https:\/\/integration-reflexes.fr\/#\/schema\/logo\/image\/"}}]}},"_links":{"self":[{"href":"https:\/\/integration-reflexes.fr\/index.php?rest_route=\/wp\/v2\/pages\/210","targetHints":{"allow":["GET"]}}],"collection":[{"href":"https:\/\/integration-reflexes.fr\/index.php?rest_route=\/wp\/v2\/pages"}],"about":[{"href":"https:\/\/integration-reflexes.fr\/index.php?rest_route=\/wp\/v2\/types\/page"}],"author":[{"embeddable":true,"href":"https:\/\/integration-reflexes.fr\/index.php?rest_route=\/wp\/v2\/users\/1"}],"replies":[{"embeddable":true,"href":"https:\/\/integration-reflexes.fr\/index.php?rest_route=%2Fwp%2Fv2%2Fcomments&post=210"}],"version-history":[{"count":10,"href":"https:\/\/integration-reflexes.fr\/index.php?rest_route=\/wp\/v2\/pages\/210\/revisions"}],"predecessor-version":[{"id":1346,"href":"https:\/\/integration-reflexes.fr\/index.php?rest_route=\/wp\/v2\/pages\/210\/revisions\/1346"}],"wp:attachment":[{"href":"https:\/\/integration-reflexes.fr\/index.php?rest_route=%2Fwp%2Fv2%2Fmedia&parent=210"}],"curies":[{"name":"wp","href":"https:\/\/api.w.org\/{rel}","templated":true}]}}